 0. List the prime factors of u.
577
Suppose 3*z - 432 = -4*f - 29, z = -4*f + 393. Let q = 223 - f. What are the prime factors of q?
2, 3, 7
Let c(u) = -2352*u - 2194. What are the prime factors of c(-4)?
2, 3607
Suppose 5*w - 2*y + 0*y - 305 = 0, 0 = 2*y. Let l = -526 - -524. What are the prime factors of w/(l/(-3 - -1))?
61
Let j = 46487 + -5797. List the prime factors of j.
2, 5, 13, 313
Let x be ((-10751)/(-26))/((-2)/(-4)). Suppose 2*d = 709 + x. List the prime factors of d.
2, 3
Suppose -12 = -4*h - 2*d, -6*h + 11*h = -5*d + 20. Suppose -4*r - 2*w = -1232, -3*r - h*w - 117 = -1039. List the prime factors of r.
2, 5, 31
Suppose -8*z = -6*z. Suppose -47 = -9*x + 5*x - 3*n, z = -3*x - 3*n + 36. Suppose -14*y + x*y = -594. List the prime factors of y.
2, 3, 11
Let h = 3496 - -4400. What are the prime factors of h?
2, 3, 7, 47
Suppose -4*m - 5*h = -27329, h = -4*m - h + 27314. List the prime factors of m.
2, 3413
What are the prime factors of 102722/3*(-4 - 174/(-12))/7?
51361
Suppose 0*z = -5*z. Suppose z = 15*w - 14*w + 5. List the prime factors of (12010/(-16))/w + 3/(-24).
2, 3, 5
Suppose 15407 = 3*f - 4*p, -17 = -2*p - 15. List the prime factors of f.
11, 467
What are the prime factors of (4 - (-36321)/(-6))*24/(-180)*10?
2, 37, 109
Let q = 307 - 54. Suppose -4*v = -3*f + 178, 5*f + 3 = -5*v + q. List the prime factors of f.
2, 3
Let p = -356 + 360. List the prime factors of 156/(126/(-180)*p/(-7)).
2, 3, 5, 13
Suppose 5 = 11*a - 6*a + 5*j, -4*a + 3*j - 3 = 0. Suppose -5*t + 5*d + 1125 = a, -3*t - 4*d + 184 = -519. What are the prime factors of t?
229
Suppose -34*x - 166883 = -701806 - 391237. List the prime factors of x.
2, 3, 5, 227
Let t be 16/40 + (-1638)/(-5). Let d = 467 - t. Let q = d - 79. What are the prime factors of q?
2, 3, 5
Let q = -77 - -79. Suppose 0 = q*a - 199 - 71. What are the prime factors of a?
3, 5
Let k = 5 + 0. Suppose -23 = -4*r - 7, -12 = -k*l + 2*r. List the prime factors of l.
2
Suppose -3*k - 113916 = 58*w - 60*w, -2*w + 5*k + 113904 = 0. What are the prime factors of w?
3, 17, 1117
Let z(p) = 26*p + 18. Let d be z(-1). What are the prime factors of d/(-16) - 492/(-8)?
2, 31
Suppose 4*w + 7420 = -10*w. Let y = w + 676. List the prime factors of y.
2, 73
Suppose 38*l = 33*l - j - 17, 4*l - j = -19. What are the prime factors of 4/6*6/l - -168?
167
Let m = 49 - 48. Let c(q) = -8*q - 1. Let y be c(m). List the prime factors of (-29)/(-2) - y/(-6).
13
Suppose -7*l = 13*l + 180. What are the prime factors of (-6837)/l - 1 - 46/69?
2, 379
Suppose -4*b + 9*o + 136 = 11*o, -b + 5*o + 45 = 0. Suppose 0 = -b*p + 36475 + 9760. What are the prime factors of p?
1321
Let d be 13/(52/264) + -1 - 2. What are the prime factors of (-1 + -104)*(-105)/d?
5, 7
Let a = -20363 + 29242. What are the prime factors of a?
13, 683
Let a = 47603 + -31078. List the prime factors of a.
5, 661
Let b(j) = -7*j - 7 - 5*j**2 + 46*j**3 - 2 - 47*j**3. Let f be b(-4). Suppose f*l = -0*l + 249. List the prime factors of l.
83
Let b(z) = -434*z + 1144. What are the prime factors of b(-24)?
2, 5, 17
Let q = 510 + -86. Suppose -434*i + 18900 = -q*i. List the prime factors of i.
2, 3, 5, 7
Let g = 1108 - -5788. What are the prime factors of g?
2, 431
Let v(d) = 2*d**2 - 20. Suppose -10 = 15*r - 14*r. Let z be v(r). Suppose 5*l + z = 2*j, 3 = 3*l - 3. List the prime factors of j.
5, 19
Let y = 3902 + -2690. Let r = -350 + y. What are the prime factors of r?
2, 431
Let h = -42 - -71. Let t(o) = 12 - 5 + 42 + h + 3*o. What are the prime factors of t(0)?
2, 3, 13
Suppose -3*s - 12 = -0, -t = 3*s - 1697. Suppose 2*j - t = 927. List the prime factors of j.
2, 659
Let x(m) = 27*m**2 + 2215*m - 22. List the prime factors of x(15).
2, 41, 479
Let f = -8352 + 30667. List the prime factors of f.
5, 4463
Let j = 8015 + -6824. List the prime factors of j.
3, 397
Let h = -80 + 21. Let t = h + 184. Let f = 245 - t. What are the prime factors of f?
2, 3, 5
Let c = -48 + 30. Let m be 3/(2/(-6)*c/4). Suppose 138 = m*h + 5*r, -2*h + 202 = h + 5*r. What are the prime factors of h?
2
Suppose 93*a - 166548 = 131847 - 13908. List the prime factors of a.
7, 19, 23
Let p = -189 - -206. What are the prime factors of (9945/12)/p*12?
3, 5, 13
Let h(o) = o**3 - 8*o**2 + 4*o + 24. Let s be h(7). Suppose 2*l = -b - 4, 4*l - 2*b + 5 = -s. List the prime factors of 1/(l/7)*-34.
7, 17
Suppose 0 = -3*c + 5*l + 173, c + l = 6*c - 325. Let m = -15 + c. What are the prime factors of m?
3, 17
Suppose 2*c - 2*n + 18 = c, -4*c - 52 = -4*n. Let i be (-4 - 20/c)*-6. List the prime factors of (i + -89)/(1*-1).
2, 5
Suppose -3811*s - 534900 = -3886*s. What are the prime factors of s?
2, 1783
Suppose 4 = 2*u + 3*d - 4*d, -5*d + 20 = 0. Suppose 4*z = -20, -4*z - 687 - 181 = -u*x. Suppose 5*y = y + x. List the prime factors of y.
53
Suppose 14251104 = 300*n - 132*n. What are the prime factors of n?
2, 3, 7069
Suppose 168 + 8 = f. List the prime factors of (-3)/6*(-1 - (f - -1)).
89
Suppose 34 + 1198 = 14*m. Suppose m*k + 1290 = 89*k. List the prime factors of k.
2, 3, 5, 43
Suppose 2*b - 42770 = -5*t, -3*b = 5*t - 30690 - 12085. List the prime factors of t.
2, 1069
Suppose -5*c + 60 = -c. Let f be (-39)/(-2) - (-1 + c/6). What are the prime factors of ((-507)/52)/((f/32)/(-3))?
2, 13
Let i = 124 - 102. Suppose 17*p + 2265 = i*p. Let q = p - 196. What are the prime factors of q?
257
Suppose 9 - 2 = -h + p, p = -h - 9. Let f(s) = -s**3 - 12*s**2 + 6*s. Let k be f(h). Let n = k - -463. List the prime factors of n.
3, 53
Let x = 2635 - 147. What are the prime factors of x?
2, 311
Suppose -88 = -35*s + 13*s. Suppose 8*a - 6276 = -s*a. What are the prime factors of a?
523
Let t(x) = 4*x**2 - 3*x. Let i be t(1). Suppose -2*w - v = -0*w - 17, -4*w + 5*v - i = 0. Let j = 63 - w. What are the prime factors of j?
3, 19
Let i(j) = -977*j + 136. Let r be i(-7). Suppose 19*z + r = 18242. List the prime factors of z.
593
Let x(c) = 8*c**2 - 18*c - 7. Let i(t) = 4*t**2 - 10*t + 1. Let s be i(3). List the prime factors of x(s).
7, 37
Let c = 27 - 93. Let a = 151 + c. Let r = -33 + a. What are the prime factors of r?
2, 13
Suppose -17*n - 58 = -46*n. Suppose 626 + 2080 = n*s. What are the prime factors of s?
3, 11, 41
Let a(s) = s**3 - s**2 + 3*s - 4. Let b be a(6). Let w = b - -69. List the prime factors of w.
263
Suppose -14722 = -4*b + 2*o, 57*o = 3*b + 54*o - 11040. List the prime factors of b.
3, 409
Let u(v) = 2*v - 33. Let h = 31 + -13. Let g be u(h). List the prime factors of 63/42*22/g.
11
Suppose 7*a - 25 - 10 = 0. What are the prime factors of 571 + (-1)/(a - (8 + -2))?
2, 11, 13
Let o be (-2)/(-6)*(3 - -24). List the prime factors of (870/o)/((-2)/(-21)).
5, 7, 29
Suppose -221*y + 219*y + 41820 = q, 5*q - 62737 = -3*y. What are the prime factors of y?
7, 29, 103
Let h(p) = 16*p - 75. Let k be h(5). Suppose -k*z - 183 = -c, -5*z = c + c - 336. What are the prime factors of c?
173
Let x(r) = -1717*r + 355. List the prime factors of x(-10).
5, 701
Suppose 16*t + 68752 - 511632 = 0. List the prime factors of t.
2, 5, 173
Let l(x) = 17*x + 54. Suppose 3*m + 5*j = -0*j + 58, -58 = -4*m + 3*j. List the prime factors of l(m).
2, 163
Suppose 11 - 5 = u. Suppose g - 4 = -u. What are the prime factors of 1936/36 + g/(-9)?
2, 3
Suppose 5*j + 12432 = -37*j. Let n = j + 513. What are the prime factors of n?
7, 31
Let v = 962 - 962. Suppose -3*h + 2310 + 543 = v. What are the prime factors of h?
3, 317
Let g = -66307 + 128512. What are the prime factors of g?
3, 5, 11, 13, 29
List the prime factors of (12172580/(-1260) - 2/(-18))/(3/(-9)).
2, 43, 337
Suppose -7*q = -10*q + 5*h - 17, 3*q + 2*h = -31. List the prime factors of (q/3 - -2)*(-529)/1.
23
List the prime factors of 190/(-6 - 13) + 14228.
2, 7109
Let s = 10 - 12. Let v be s - ((-8)/32 + 310/(-8)). Let f = v + -6. List the prime factors of f.
31
Suppose -3*l + 112301 = c, 227 = -5*c + 267. List the prime factors of l.
3, 4159
Let l = 350 - 366. List the prime factors of 1/(-8) - (5 + 21506/l).
13, 103
Let y = -577 + 979. Let w = -287 + y. What are the prime factors of w?
5, 23
Suppose 7 = 2*w + 75. Let a be 378/w - 16/(-136). Let u(g) = -5*g + 5. What are the prime factors of u(a)?
2, 3, 5
Suppose -1492 = 11*h - 403. Let b = 410 + h. List the prime factor